3. Let x(w) = -7*d(w) + 5*g(w). What is x(n)?
5
Let i(o) = o**2 - o + 10. Let c(k) = k**3 + 5*k**2 + 5*k + 4. Let t be c(-3). Let m = t - 7. Give i(m).
10
Suppose 3*t + 0 = z - 6, z + t - 6 = 0. Let d(i) = -13*i**2 + 25*i - 17. Let u(m) = 7*m**2 - 13*m + 9. Let x(c) = 6*d(c) + 11*u(c). Calculate x(z).
3
Let f be -2 - 0 - -7*(-14)/98. Let n(j) = -j**3 - 4*j**2 - 6*j - 1. Give n(f).
8
Let u(t) = -t**3 + t**2 - 1. Let c(h) = 5*h**3 + 2*h + 2. Let r(w) = c(w) + 4*u(w). Let v(d) = d - 4. Let g be v(1). Calculate r(g).
1
Let q(b) be the third derivative of b**6/120 - b**5/10 - 3*b**4/8 + b**3/2 + 635*b**2. Determine q(8).
59
Let n(m) = 2*m**3 + 38*m**2 - 5*m - 27. Let z(h) = h**3 + 18*h**2 - 2*h - 13. Let b(a) = 6*n(a) - 13*z(a). Calculate b(-5).
2
Let o be 1/((-12)/(-6)*1/2). Let l(v) = 20*v - 9. Let m(d) = -41*d + 16. Let b(x) = 7*l(x) + 4*m(x). What is b(o)?
-23
Let d = -12 - -6. Let f(n) be the second derivative of -n**5/20 - 7*n**4/12 - n**3 + 5*n**2/2 - 94*n. Calculate f(d).
5
Let v be (-212)/(-6) - (-10)/(-30). Let t = v - 34. Let x(r) = 16*r - 1. What is x(t)?
15
Let c(y) be the second derivative of -y**3/6 - 3*y**2/2 - 3*y. Suppose -3*s + 5 = 26. Determine c(s).
4
Suppose -4*g + 5*p = -3 - 0, -5*g - 4*p + 14 = 0. Let a(y) = -14*y + 3*y - 2 + 2*y**2 + 4 + 9*y. What is a(g)?
6
Let b(l) be the first derivative of l**2/2 + 3*l - 275. Calculate b(-7).
-4
Let d(r) be the first derivative of -2*r**2 - 22*r + 4. Let g be d(-6). Let v(m) = -m**2 + 2*m + 1. What is v(g)?
1
Let c(i) = -i**3 + 3*i**2 + 4*i - 3. Let s be -43 + (2/4 - 21/(-6)). Let d = s + 42. Give c(d).
9
Let h = -2 + 1. Suppose -11*b + 2*b + 18 = 0. Let f(q) = b - 3 - 8*q**3 - 19*q**2 + 21*q**3 + 20*q**2. Calculate f(h).
-13
Let c(b) = b**3 + 6*b**2 + 3. Let l(r) = r + 3. Let a(f) = f**3 - 12*f**2 + 9*f + 13. Let n be a(11). Let d be l(n). Calculate c(d).
3
Let u(j) = -9*j + 103. Let i be u(12). Let t(q) = -q**2 - 8*q + 2. Determine t(i).
17
Let n(i) = -14 - i**2 + 0*i - 5*i + 4 + 8. What is n(-6)?
-8
Let l = 8 + -3. Suppose -l*w = -0*w + 85. Let o(j) = -5*j - 7. Let s(y) = -14*y - 21. Let h(m) = w*o(m) + 6*s(m). What is h(5)?
-2
Suppose -5 = -w, 4*t - w - 32 = -5*w. Suppose -2*n + 6 = s, 2*n + t*n + 15 = 5*s. Let j(i) = -2 + 2*i + s*i - 5*i. Give j(-4).
-6
Let k(g) = -g**3 - 4*g**2 - 4*g - 1. Let b(m) = 6*m**2 - 1. Let r be b(-1). Let i(a) = -a**3 + 4*a**2 + 3*a + 6. Let z be i(r). Determine k(z).
15
Let l(h) = 4*h + 1188 - 2*h - 1183. Determine l(-9).
-13
Let o(v) be the first derivative of v**6/120 + 13*v**3/6 - 7*v**2 + 19. Let b(s) be the second derivative of o(s). What is b(0)?
13
Let m be (-2 - 1)*-1*(-20 + 21). Let f(k) = -14*k**2 + k**m + 2*k + 7*k**2 - 3*k. Determine f(7).
-7
Let x(d) be the third derivative of 0 + 0*d + 13*d**2 - 7/6*d**3 + 1/60*d**5 - 1/4*d**4. Give x(6).
-7
Let f(j) = -j**2 + 1. Let u = -22 - -15. Let v = u - -7. Suppose v*b - 5*b = 0. Give f(b).
1
Let k(o) be the third derivative of -o**6/240 - o**5/40 - 23*o**4/12 - 35*o**2. Let h(j) be the second derivative of k(j). What is h(-5)?
12
Let z(g) = -3*g**2 + g. Let o(x) = 16*x**2 - 16*x. Let t(i) = -o(i) - 6*z(i). Determine t(-7).
28
Suppose -2*c + 23 = 3*j + 21, -3*j = -3*c + 3. Let d(p) = -p**2 + p. What is d(j)?
0
Let n(o) = -o**2 + 35*o - 268. Let c be n(23). Let t(v) be the second derivative of 0 + 0*v**2 - 1/3*v**3 + 1/20*v**5 - 5/12*v**4 + c*v. Calculate t(5).
-10
Let y(d) = -4 + d**3 + 2*d - 5 + 18*d**2 - 18*d**2 + 5*d**2. Determine y(-4).
-1
Let m = -294 - -283. Let r(d) = d**3 + 12*d**2 + 11*d - 1. Determine r(m).
-1
Let o(h) = 2*h**2 + 14*h + 8. Let d(s) = 27 + 3*s**2 + 26*s - 5*s - 15. Let m(j) = -5*d(j) + 8*o(j). Give m(-7).
4
Let w(r) be the first derivative of -r**3/3 + 2*r**2 - 5*r - 216. Let t be ((1 - 0) + 3)*1. Determine w(t).
-5
Suppose 3*q + 3*k - 9 = 0, -2*q + 2*k = -3*q + 1. Suppose -z = 4*l + 17, z + 4*l = q*z - 12. Let b(t) = -10*t**3 - 2*t - 1. Give b(z).
11
Let z(c) = c**3 + 7*c**2 + c + 7. Suppose l + 5*q = -4*l - 50, -5*l + 4*q - 23 = 0. Let b be z(l). Let f(i) = -3*i + 2*i - 5 + b*i + 2*i. Calculate f(-6).
-11
Let l be (-11)/3 + (-2)/6. Let b be (-35)/21*6/(-5). Let f(k) = -2*k + b*k - 31 + 35 + k. Give f(l).
0
Suppose 7 - 2 = 5*u. Let n(g) = 43*g. Let f(b) = 243*b. Let x(l) = -6*f(l) + 34*n(l). Calculate x(u).
4
Let d(a) be the second derivative of a**4/12 - a**3/3 - 8*a**2 + 485*a. Determine d(5).
-1
Let f(s) = -14*s**3 + 9*s**2 + 2*s - 1. Let x(u) = -13*u**3 + 12*u**2 + 3*u - 1. Let y(b) = 4*f(b) - 3*x(b). Give y(-1).
17
Let t = -5 - -8. Let p = -52 + 44. Let o = t + p. Let x(w) = -w - 9. What is x(o)?
-4
Let k(b) = -20*b - 40. Let p be k(-2). Let j(i) = -2*i**2 + i + i**2 + 2*i**2 + 8. What is j(p)?
8
Let i(d) be the first derivative of -d**4/4 + 4*d**3 - 10*d - 80. Determine i(12).
-10
Let d(r) = 3*r**2 + 6*r + 7. Let x(t) = 4*t**2 + 7*t + 8. Let q(k) = 5*d(k) - 4*x(k). Suppose -9 - 21 = 2*s. Let y(c) = c + 18. Let l be y(s). What is q(l)?
0
Let h(t) = t**2 - 10*t - 2. Let c(f) = -12*f - 1. Let v(k) = -c(k) + h(k). Determine v(-3).
2
Let x(s) = -6*s + 1380 - 6*s - 1377 + 4*s. Calculate x(-2).
19
Let w = 498 - 493. Let u(t) be the third derivative of 0*t - 1/120*t**6 + 0 - t**2 + 1/8*t**4 - 1/60*t**w - 1/3*t**3. Give u(-3).
7
Let m(l) be the second derivative of -l**5/20 + 3*l**4/2 + l**3/6 + 6*l**2 - 808*l. What is m(18)?
30
Let u(t) = t**2 + 5*t - 5. Let g(b) = b**3 - 8*b - 2. Let f be g(4). Let y be 30/(-9)*-12*(-3)/f. Calculate u(y).
-9
Let j(d) = 11*d**2 + 169 - 150 + 4*d - 12*d**2. Calculate j(7).
-2
Let h(o) = o**2 + 23*o + 76. Let d be h(-18). Let b(w) = 2*w**2 + 30*w + 29. Determine b(d).
1
Let z(r) = 12*r - 68. Let v be z(5). Let f be (1 + -2)*-4*1. Let u = v + f. Let l(p) = p**2 + 6*p + 3. Give l(u).
-5
Let k(h) = h**3 + 2*h**2 - 2*h + 2. Let p be k(-3). Let w(o) = o. Let b be (1/(-3))/(2/6). Let a(d) = d + 1. Let x(v) = b*a(v) + 6*w(v). What is x(p)?
-6
Let w(y) = 7*y - 3. Suppose -5*h - 3 = 7, -2*h = 4*r + 16. Let j be 2 - 3/1 - r - -1. Determine w(j).
18
Let k(p) = 4*p**2 + 78*p - 431. Let r be k(-24). Let w(f) be the second derivative of f**5/20 - f**4/12 - f**3/6 + f. Give w(r).
-1
Let o(f) = 2 - 3*f + 3*f - 2*f**3 - 4*f + 5*f**2 + f**3. Suppose 37 = 9*a + 10. What is o(a)?
8
Let b(m) = -m. Let q(n) = 3*n**3 - n**2 + 2*n - 2. Let p(f) = -13*f**3 + 5*f**2 - 9*f + 8. Let k(t) = -2*p(t) - 9*q(t). Let w be k(-2). Calculate b(w).
-6
Suppose -3*o - 3*i = -81, o - 36 = -2*i - 13. Suppose 4*d = 81 + o. Suppose 4*u + 8 = d, s = -5*u + 31. Let a(p) = p**2 - 5*p - 4. Calculate a(s).
2
Let z(r) = -r - 2. Let b be -10 + 3 + -3 - 2. Let i = 22 + b. Suppose -22 = 3*k - i. Give z(k).
2
Let q(t) = -t - 15. Let w be (-135)/12 + (-1)/4*-1. What is q(w)?
-4
Let m(o) = o**3 - 5*o + o + o**2 + 0*o + 1. Suppose -1 = -g - 3. Let q(c) = -c - 5. Let h be q(g). Calculate m(h).
-5
Let k(p) = 2*p**2 + 10*p. Let u be k(-6). Let t(i) = i**2 - 11*i + 2. Calculate t(u).
14
Let l(t) = -t**3 + 7*t**2 + 7*t + 5. Let c be l(8). Let s be (15/9)/((-1)/c). Let f(u) = -20*u + 1 + 10*u + s*u - u**2. What is f(-5)?
1
Let g(x) = x**3 + 4*x**2 + 7*x + 7. Let l be g(-5). Let p = -38 - l. Suppose 2*k + 4*m - 24 = 0, -m = k + 2*m - p. Let i(b) = b - 3. Calculate i(k).
3
Let y(l) = -29*l**3 + 37*l + 36*l - 73*l - l**2. What is y(-1)?
28
Let i(c) be the second derivative of c**3/3 + 3*c**2/2 + 3*c. Let p be i(4). Let n(u) = -p + 7 + 0*u + 2*u. Give n(3).
2
Let k(m) = -23*m + 8. Let g(u) = 64*u - 24. Let a(i) = 6*g(i) + 17*k(i). Calculate a(-2).
6
Let m(l) = 3*l - 11. Let j(z) = 5*z - 17. Let a(k) = -5*j(k) + 8*m(k). Let v be a(-3). Let s(h) be the first derivative of h**4/4 - 12*h + 3. Calculate s(v).
-12
Let i(c) = c**2 + 9*c + 5. Let s = 507 + -516. What is i(s)?
5
Let u = -19 + 30. Let l(d) = d - 6. Give l(u).
5
Let j(c) = 12*c - 1. Suppose -2*v - v + 18 = 0. Let q(d) = 13*d - 1. Let r(h) = v*q(h) - 7*j(h). Give r(2).
-11
Let l(z) = -4*z**2 + 7*z - 6. Let k(t) = 3*t**2 - 6*t + 6. Let m be (-2)/(-4) - 2/((-8)/10). Let n(f) = m*k(f) + 2*l(f). What is n(4)?
6
Let n = 30 - 25. Suppose 0 = s + n*z - 9, -5*z + 5 = 3*s - 2. Let v(c) = -4*c**3 + c**2 + c + 1. Determine v(s).
5
Let g(k) be the first derivative of k**3/3 + k**2/2 - k - 102. Determine g(3).
11
Let i = -27 - -22. Let r(z) be the first derivativ